{"id":177,"date":"2024-12-31T14:55:29","date_gmt":"2024-12-31T13:55:29","guid":{"rendered":"https:\/\/lapetitechapelle.org\/?page_id=177"},"modified":"2025-04-19T09:27:07","modified_gmt":"2025-04-19T07:27:07","slug":"histoire","status":"publish","type":"page","link":"https:\/\/lapetitechapelle.org\/index.php\/histoire\/","title":{"rendered":"Histoire"},"content":{"rendered":"\n<p>La famille Croix<\/p>\n\n\n\n<figure class=\"wp-block-image size-full\"><img fetchpriority=\"high\" decoding=\"async\" width=\"654\" height=\"321\" src=\"https:\/\/lapetitechapelle.org\/wp-content\/uploads\/2025\/01\/Marie-et-Guillaume-2.jpg\" alt=\"\" class=\"wp-image-366\" srcset=\"https:\/\/lapetitechapelle.org\/wp-content\/uploads\/2025\/01\/Marie-et-Guillaume-2.jpg 654w, https:\/\/lapetitechapelle.org\/wp-content\/uploads\/2025\/01\/Marie-et-Guillaume-2-300x147.jpg 300w\" sizes=\"(max-width: 654px) 100vw, 654px\" \/><\/figure>\n\n\n\n<p>Au commencement, une histoire d\u2019amour et l\u2019\u00e9dification d\u2019une chapelle. Son histoire devient un symbole grav\u00e9 dans le c\u0153ur des Trouvillais et des marins-p\u00eacheurs. <\/p>\n\n\n\n<p>A la fin du XVI\u00e8me, Guillaume Croix marin d&rsquo;Hennequeville \u00e9pouse Marie de Surtainville fille de noble Robert de Surtainville son voisin. Pour remercier la Vierge de cette union, Guillaume d\u00e9die la chapelle \u00e0 Notre Dame de Piti\u00e9. En 1677, elle figure d\u00e9j\u00e0 sur la carte de Boissaye du Bocage.<\/p>\n\n\n<div class=\"wp-block-image\">\n<figure class=\"aligncenter size-full is-resized\"><img decoding=\"async\" width=\"324\" height=\"432\" src=\"https:\/\/lapetitechapelle.org\/wp-content\/uploads\/2025\/01\/Chapelle-de-la-Pitie-le-16122024-2.jpg\" alt=\"\" class=\"wp-image-369\" style=\"width:256px;height:auto\" srcset=\"https:\/\/lapetitechapelle.org\/wp-content\/uploads\/2025\/01\/Chapelle-de-la-Pitie-le-16122024-2.jpg 324w, https:\/\/lapetitechapelle.org\/wp-content\/uploads\/2025\/01\/Chapelle-de-la-Pitie-le-16122024-2-225x300.jpg 225w\" sizes=\"(max-width: 324px) 100vw, 324px\" \/><\/figure><\/div>\n\n\n<p>En 1761 apr\u00e8s le d\u00e9c\u00e8s de Robert Croix, troisi\u00e8me du nom, ses h\u00e9ritiers se partagent ses biens et la parcelle sur laquelle est situ\u00e9e la chapelle \u00e9choit \u00e0 son fr\u00e8re Pierre (l&rsquo;oncle), sous la condition que la chapelle reste en indivis entre tous les descendants de Guillaume qui s&rsquo;engagent \u00e0 en assurer l&rsquo;entretien et la reconstruction si n\u00e9cessaire. Ces conditions sont confirm\u00e9es lors du partage du 5 janvier 1784 et de celui de 1827.<\/p>\n\n\n\n<figure class=\"wp-block-image size-full\"><img decoding=\"async\" width=\"600\" height=\"233\" src=\"https:\/\/lapetitechapelle.org\/wp-content\/uploads\/2025\/01\/clocher-chapelle.jpg\" alt=\"\" class=\"wp-image-383\" srcset=\"https:\/\/lapetitechapelle.org\/wp-content\/uploads\/2025\/01\/clocher-chapelle.jpg 600w, https:\/\/lapetitechapelle.org\/wp-content\/uploads\/2025\/01\/clocher-chapelle-300x117.jpg 300w\" sizes=\"(max-width: 600px) 100vw, 600px\" \/><figcaption class=\"wp-element-caption\">Trouville-sur-Mer, Chapelle Notre-Dame de Piti\u00e9<\/figcaption><\/figure>\n\n\n\n<p>Vers 1800 les anciens murs de la premi\u00e8re chapelle en colombage et torchis sont remplac\u00e9s par des murs en blocage recouvert de cr\u00e9pi blanc. Le r\u00f4le d&rsquo;amer de la petite chapelle est \u00e9galement accentu\u00e9 par la pr\u00e9sence d&rsquo;une grande croix au sommet du toit visible des bateaux.<\/p>\n\n\n\n<p>En 1852, Marguerite Julie Croix propri\u00e9taire du lot de la chapelle (cadastr\u00e9 224, section B, 2e feuille, d\u00e9cide de vendre \u00e0 Alexandre Lucy riche propri\u00e9taire de Saint-Germain-en-Laye. Celui-ci d\u00e9sirant d\u00e9gager la vue sur la mer demande l&rsquo;autorisation de destruction de la chapelle provocant de la part des descendants Croix, toujours en indivis, une action en justice dont l&rsquo;issue en 1856, faisant jurisprudence, est la conservation de la chapelle.<\/p>\n\n\n\n<figure class=\"wp-block-image size-full\"><img loading=\"lazy\" decoding=\"async\" width=\"256\" height=\"416\" src=\"https:\/\/lapetitechapelle.org\/wp-content\/uploads\/2025\/01\/Plan-petite-chapelle-2.png\" alt=\"\" class=\"wp-image-376\" srcset=\"https:\/\/lapetitechapelle.org\/wp-content\/uploads\/2025\/01\/Plan-petite-chapelle-2.png 256w, https:\/\/lapetitechapelle.org\/wp-content\/uploads\/2025\/01\/Plan-petite-chapelle-2-185x300.png 185w\" sizes=\"(max-width: 256px) 100vw, 256px\" \/><\/figure>\n\n\n\n<p>Plan au moment de la reconstruction (1902)<br>Le 28 mai 1902, alors que deux ouvriers proc\u00e8dent \u00e0 des travaux d&rsquo;entretien, un craquement se fait entendre, le toit et une partie des murs s&rsquo;\u00e9croulent. Les descendants de Guillaume fid\u00e8les \u00e0 leur engagement se r\u00e9unissent d\u00e8s le mois de juin et un plan de l&rsquo;architecte trouvillais Val\u00e8re Fourneau est propos\u00e9 \u00e0 soumission sous enveloppe cachet\u00e9e. Eug\u00e8ne Barbier entrepreneur trouvillais est retenu pour l&rsquo;ex\u00e9cution des travaux. La troisi\u00e8me et derni\u00e8re chapelle est allong\u00e9e de 1,05m vers la rue pour augmenter sa contenance \u00e0 une quarantaine de personnes. La nouvelle chapelle est b\u00e9nite le 27 septembre 1902 par l&rsquo;abb\u00e9 Lef\u00e8vre cur\u00e9 de Manerbe. Une plaque de marbre fix\u00e9e \u00e0 droite \u00e0 l&rsquo;entr\u00e9e de la chapelle donne la liste des donateurs descendants de Guillaume. Une plaque donnant la liste des principaux bienfaiteurs est ajout\u00e9e ensuite \u00e0 gauche de l&rsquo;entr\u00e9e. En 1923 la vo\u00fbte de l&rsquo;abside est peinte d&rsquo;une fresque na\u00efve \u00e9voquant la rencontre de Guillaume et Marie sur la plage.<\/p>\n\n\n\n<figure class=\"wp-block-image size-full\"><img loading=\"lazy\" decoding=\"async\" width=\"600\" height=\"269\" src=\"https:\/\/lapetitechapelle.org\/wp-content\/uploads\/2025\/01\/Retable-2-2.jpg\" alt=\"\" class=\"wp-image-392\" srcset=\"https:\/\/lapetitechapelle.org\/wp-content\/uploads\/2025\/01\/Retable-2-2.jpg 600w, https:\/\/lapetitechapelle.org\/wp-content\/uploads\/2025\/01\/Retable-2-2-300x135.jpg 300w\" sizes=\"(max-width: 600px) 100vw, 600px\" \/><\/figure>\n\n\n\n<p>Le retable d&rsquo;origine, d&rsquo;\u00e9poque Louis XIII \u00e0 colonnes torsad\u00e9es encadre une Piet\u00e0, d&rsquo;apr\u00e8s Antoine van Dyck, a \u00e9t\u00e9 conserv\u00e9.<\/p>\n\n\n<div class=\"wp-block-image\">\n<figure class=\"aligncenter size-full\"><img loading=\"lazy\" decoding=\"async\" width=\"31\" height=\"40\" src=\"https:\/\/lapetitechapelle.org\/wp-content\/uploads\/2025\/03\/Logo-LPC-tres-petit-3.png\" alt=\"\" class=\"wp-image-585\"\/><\/figure><\/div>\n\n\n<p>Usage<br>Depuis le partage de la succession, une messe \u00e9tait dite par le cur\u00e9 d&rsquo;Hennequeville chaque vendredi. La chapelle d\u00e9pendant de l&rsquo;abbaye de F\u00e9camp un d\u00e9saccord sur la nomination du cur\u00e9 et des remarques de ce dernier sur la difficult\u00e9 de descendre d&rsquo;Hennequeville \u00e0 Bon-Secours aboutissent \u00e0 la nomination du cur\u00e9 de Trouville pour dire les messes apr\u00e8s l&rsquo;annexion d&rsquo;Hennequeville par Trouville en 1847. \u00c0 ce jour la chapelle sert pour une messe annuelle le vendredi pr\u00e9c\u00e9dant le Dimanche des Rameaux.<br>Aucune messe n&rsquo;a \u00e9t\u00e9 c\u00e9l\u00e9br\u00e9e depuis 2018.<\/p>\n\n\n\n<p><br>Folklore<br>\u00ab La f\u00eate de la petite chapelle \u00bb, une f\u00eate enfantine avait lieu \u00e0 l&rsquo;occasion des Rameaux, d\u00e9fil\u00e9 des enfants des \u00e9coles, distribution de go\u00fbter et de tickets de man\u00e8ges. Les man\u00e8ges et diff\u00e9rentes attractions occupaient la place de l&rsquo;\u00e9glise , le parking et le c\u00f4t\u00e9 droit de la rue Victor Hugo et de la rue de la chapelle<br>Des comp\u00e9titions festives, course \u00e0 l&rsquo;oeuf, course en sac \u00e9taient destin\u00e9es aux enfants. Un grand concours de domino r\u00e9serv\u00e9 aux adultes se d\u00e9roulait dans les caf\u00e9s du quartier d\u00e9signant le \u00ab\u00a0Domino d&rsquo;or\u00a0\u00bb de l&rsquo;ann\u00e9e.<br>Dans la rue de l&rsquo;atelier Boinne des parties du \u00ab\u00a0jeu de butte\u00a0\u00bb donnaient lieu \u00e0 des paris d&rsquo;argent entre p\u00eacheurs.<br>En 1985 la f\u00eate existe encore et un l\u00e2cher de ballons (concours de distance parcourue) est organis\u00e9 par le comit\u00e9 des f\u00eates.<\/p>\n\n\n\n<p><\/p>\n","protected":false},"excerpt":{"rendered":"<p>La famille Croix Au commencement, une histoire d\u2019amour et l\u2019\u00e9dification d\u2019une chapelle. Son histoire devient un symbole grav\u00e9 dans le c\u0153ur des Trouvillais et des marins-p\u00eacheurs. A la fin du XVI\u00e8me, Guillaume Croix marin d&rsquo;Hennequeville \u00e9pouse Marie de Surtainville fille de noble Robert de Surtainville son voisin. Pour remercier la Vierge de cette union, Guillaume [&hellip;]<\/p>\n","protected":false},"author":1,"featured_media":0,"parent":0,"menu_order":0,"comment_status":"closed","ping_status":"closed","template":"","meta":{"footnotes":""},"class_list":["post-177","page","type-page","status-publish","hentry","post"],"_links":{"self":[{"href":"https:\/\/lapetitechapelle.org\/index.php\/wp-json\/wp\/v2\/pages\/177","targetHints":{"allow":["GET"]}}],"collection":[{"href":"https:\/\/lapetitechapelle.org\/index.php\/wp-json\/wp\/v2\/pages"}],"about":[{"href":"https:\/\/lapetitechapelle.org\/index.php\/wp-json\/wp\/v2\/types\/page"}],"author":[{"embeddable":true,"href":"https:\/\/lapetitechapelle.org\/index.php\/wp-json\/wp\/v2\/users\/1"}],"replies":[{"embeddable":true,"href":"https:\/\/lapetitechapelle.org\/index.php\/wp-json\/wp\/v2\/comments?post=177"}],"version-history":[{"count":39,"href":"https:\/\/lapetitechapelle.org\/index.php\/wp-json\/wp\/v2\/pages\/177\/revisions"}],"predecessor-version":[{"id":941,"href":"https:\/\/lapetitechapelle.org\/index.php\/wp-json\/wp\/v2\/pages\/177\/revisions\/941"}],"wp:attachment":[{"href":"https:\/\/lapetitechapelle.org\/index.php\/wp-json\/wp\/v2\/media?parent=177"}],"curies":[{"name":"wp","href":"https:\/\/api.w.org\/{rel}","templated":true}]}}

<p>La famille Croix</p>



<figure class="wp-block-image size-full"><img fetchpriority="high" decoding="async" width="654" height="321" src="https://lapetitechapelle.org/wp-content/uploads/2025/01/Marie-et-Guillaume-2.jpg" alt="" class="wp-image-366" srcset="https://lapetitechapelle.org/wp-content/uploads/2025/01/Marie-et-Guillaume-2.jpg 654w, https://lapetitechapelle.org/wp-content/uploads/2025/01/Marie-et-Guillaume-2-300x147.jpg 300w" sizes="(max-width: 654px) 100vw, 654px" /></figure>



<p>Au commencement, une histoire d’amour et l’édification d’une chapelle. Son histoire devient un symbole gravé dans le cœur des Trouvillais et des marins-pêcheurs. </p>



<p>A la fin du XVIème, Guillaume Croix marin d&rsquo;Hennequeville épouse Marie de Surtainville fille de noble Robert de Surtainville son voisin. Pour remercier la Vierge de cette union, Guillaume dédie la chapelle à Notre Dame de Pitié. En 1677, elle figure déjà sur la carte de Boissaye du Bocage.</p>


<div class="wp-block-image">
<figure class="aligncenter size-full is-resized"><img decoding="async" width="324" height="432" src="https://lapetitechapelle.org/wp-content/uploads/2025/01/Chapelle-de-la-Pitie-le-16122024-2.jpg" alt="" class="wp-image-369" style="width:256px;height:auto" srcset="https://lapetitechapelle.org/wp-content/uploads/2025/01/Chapelle-de-la-Pitie-le-16122024-2.jpg 324w, https://lapetitechapelle.org/wp-content/uploads/2025/01/Chapelle-de-la-Pitie-le-16122024-2-225x300.jpg 225w" sizes="(max-width: 324px) 100vw, 324px" /></figure></div>


<p>En 1761 après le décès de Robert Croix, troisième du nom, ses héritiers se partagent ses biens et la parcelle sur laquelle est située la chapelle échoit à son frère Pierre (l&rsquo;oncle), sous la condition que la chapelle reste en indivis entre tous les descendants de Guillaume qui s&rsquo;engagent à en assurer l&rsquo;entretien et la reconstruction si nécessaire. Ces conditions sont confirmées lors du partage du 5 janvier 1784 et de celui de 1827.</p>



<figure class="wp-block-image size-full"><img decoding="async" width="600" height="233" src="https://lapetitechapelle.org/wp-content/uploads/2025/01/clocher-chapelle.jpg" alt="" class="wp-image-383" srcset="https://lapetitechapelle.org/wp-content/uploads/2025/01/clocher-chapelle.jpg 600w, https://lapetitechapelle.org/wp-content/uploads/2025/01/clocher-chapelle-300x117.jpg 300w" sizes="(max-width: 600px) 100vw, 600px" /><figcaption class="wp-element-caption">Trouville-sur-Mer, Chapelle Notre-Dame de Pitié</figcaption></figure>



<p>Vers 1800 les anciens murs de la première chapelle en colombage et torchis sont remplacés par des murs en blocage recouvert de crépi blanc. Le rôle d&rsquo;amer de la petite chapelle est également accentué par la présence d&rsquo;une grande croix au sommet du toit visible des bateaux.</p>



<p>En 1852, Marguerite Julie Croix propriétaire du lot de la chapelle (cadastré 224, section B, 2e feuille, décide de vendre à Alexandre Lucy riche propriétaire de Saint-Germain-en-Laye. Celui-ci désirant dégager la vue sur la mer demande l&rsquo;autorisation de destruction de la chapelle provocant de la part des descendants Croix, toujours en indivis, une action en justice dont l&rsquo;issue en 1856, faisant jurisprudence, est la conservation de la chapelle.</p>



<figure class="wp-block-image size-full"><img loading="lazy" decoding="async" width="256" height="416" src="https://lapetitechapelle.org/wp-content/uploads/2025/01/Plan-petite-chapelle-2.png" alt="" class="wp-image-376" srcset="https://lapetitechapelle.org/wp-content/uploads/2025/01/Plan-petite-chapelle-2.png 256w, https://lapetitechapelle.org/wp-content/uploads/2025/01/Plan-petite-chapelle-2-185x300.png 185w" sizes="(max-width: 256px) 100vw, 256px" /></figure>



<p>Plan au moment de la reconstruction (1902)<br>Le 28 mai 1902, alors que deux ouvriers procèdent à des travaux d&rsquo;entretien, un craquement se fait entendre, le toit et une partie des murs s&rsquo;écroulent. Les descendants de Guillaume fidèles à leur engagement se réunissent dès le mois de juin et un plan de l&rsquo;architecte trouvillais Valère Fourneau est proposé à soumission sous enveloppe cachetée. Eugène Barbier entrepreneur trouvillais est retenu pour l&rsquo;exécution des travaux. La troisième et dernière chapelle est allongée de 1,05m vers la rue pour augmenter sa contenance à une quarantaine de personnes. La nouvelle chapelle est bénite le 27 septembre 1902 par l&rsquo;abbé Lefèvre curé de Manerbe. Une plaque de marbre fixée à droite à l&rsquo;entrée de la chapelle donne la liste des donateurs descendants de Guillaume. Une plaque donnant la liste des principaux bienfaiteurs est ajoutée ensuite à gauche de l&rsquo;entrée. En 1923 la voûte de l&rsquo;abside est peinte d&rsquo;une fresque naïve évoquant la rencontre de Guillaume et Marie sur la plage.</p>



<figure class="wp-block-image size-full"><img loading="lazy" decoding="async" width="600" height="269" src="https://lapetitechapelle.org/wp-content/uploads/2025/01/Retable-2-2.jpg" alt="" class="wp-image-392" srcset="https://lapetitechapelle.org/wp-content/uploads/2025/01/Retable-2-2.jpg 600w, https://lapetitechapelle.org/wp-content/uploads/2025/01/Retable-2-2-300x135.jpg 300w" sizes="(max-width: 600px) 100vw, 600px" /></figure>



<p>Le retable d&rsquo;origine, d&rsquo;époque Louis XIII à colonnes torsadées encadre une Pietà, d&rsquo;après Antoine van Dyck, a été conservé.</p>


<div class="wp-block-image">
<figure class="aligncenter size-full"><img loading="lazy" decoding="async" width="31" height="40" src="https://lapetitechapelle.org/wp-content/uploads/2025/03/Logo-LPC-tres-petit-3.png" alt="" class="wp-image-585"/></figure></div>


<p>Usage<br>Depuis le partage de la succession, une messe était dite par le curé d&rsquo;Hennequeville chaque vendredi. La chapelle dépendant de l&rsquo;abbaye de Fécamp un désaccord sur la nomination du curé et des remarques de ce dernier sur la difficulté de descendre d&rsquo;Hennequeville à Bon-Secours aboutissent à la nomination du curé de Trouville pour dire les messes après l&rsquo;annexion d&rsquo;Hennequeville par Trouville en 1847. À ce jour la chapelle sert pour une messe annuelle le vendredi précédant le Dimanche des Rameaux.<br>Aucune messe n&rsquo;a été célébrée depuis 2018.</p>



<p><br>Folklore<br>« La fête de la petite chapelle », une fête enfantine avait lieu à l&rsquo;occasion des Rameaux, défilé des enfants des écoles, distribution de goûter et de tickets de manèges. Les manèges et différentes attractions occupaient la place de l&rsquo;église , le parking et le côté droit de la rue Victor Hugo et de la rue de la chapelle<br>Des compétitions festives, course à l&rsquo;oeuf, course en sac étaient destinées aux enfants. Un grand concours de domino réservé aux adultes se déroulait dans les cafés du quartier désignant le « Domino d&rsquo;or » de l&rsquo;année.<br>Dans la rue de l&rsquo;atelier Boinne des parties du « jeu de butte » donnaient lieu à des paris d&rsquo;argent entre pêcheurs.<br>En 1985 la fête existe encore et un lâcher de ballons (concours de distance parcourue) est organisé par le comité des fêtes.</p>



<p></p>

<p>La famille Croix Au commencement, une histoire d’amour et l’édification d’une chapelle. Son histoire devient un symbole gravé dans le cœur des Trouvillais et des marins-pêcheurs. A la fin du XVIème, Guillaume Croix marin d&rsquo;Hennequeville épouse Marie de Surtainville fille de noble Robert de Surtainville son voisin. Pour remercier la Vierge de cette union, Guillaume [&hellip;]</p>
